t is the remainder when 226073 is divided by 19?
11
What is the remainder when 4497315 is divided by 175?
165
Calculate the remainder when 46720531 is divided by 2594.
2591
What is the remainder when 16754564 is divided by 915?
914
Calculate the remainder when 8876493 is divided by 1109502.
477
What is the remainder when 29235690 is divided by 35?
15
Calculate the remainder when 1425377 is divided by 203616.
65
Calculate the remainder when 9530279 is divided by 28.
3
What is the remainder when 899225 is divided by 17292?
41
Calculate the remainder when 54420472 is divided by 534.
532
Calculate the remainder when 16795006 is divided by 9.
7
Calculate the remainder when 260810109 is divided by 456.
453
Calculate the remainder when 711682 is divided by 160.
2
Calculate the remainder when 1903074 is divided by 964.
138
What is the remainder when 27042 is divided by 26895?
147
What is the remainder when 200944 is divided by 949?
705
What is the remainder when 532968 is divided by 63?
51
What is the remainder when 56921 is divided by 1318?
247
Calculate the remainder when 147541 is divided by 768.
85
What is the remainder when 22866 is divided by 22732?
134
Calculate the remainder when 12288410 is divided by 1406.
1376
Calculate the remainder when 42184 is divided by 398.
394
Calculate the remainder when 44322 is divided by 1477.
12
Calculate the remainder when 1597101 is divided by 2457.
51
What is the remainder when 26803 is divided by 232?
123
What is the remainder when 535203 is divided by 65?
58
What is the remainder when 200823 is divided by 1066?
415
What is the remainder when 173385 is divided by 20?
5
Calculate the remainder when 8235627 is divided by 41.
39
What is the remainder when 237507 is divided by 3894?
3867
What is the remainder when 7580620 is divided by 98448?
124
What is the remainder when 3556598 is divided by 816?
470
Calculate the remainder when 2316739 is divided by 182.
61
Calculate the remainder when 438155 is divided by 5252.
2239
Calculate the remainder when 123808 is divided by 30920.
128
Calculate the remainder when 468174 is divided by 14618.
398
Calculate the remainder when 37903207 is divided by 10.
7
Calculate the remainder when 241872744 is divided by 61.
58
What is the remainder when 1713115 is divided by 8521?
394
Calculate the remainder when 202947 is divided by 22462.
789
What is the remainder when 18324125 is divided by 22238?
13
What is the remainder when 537616 is divided by 185?
6
Calculate the remainder when 10023860 is divided by 254.
4
What is the remainder when 480286 is divided by 79?
45
Calculate the remainder when 63392059 is divided by 141.
10
What is the remainder when 568252 is divided by 22730?
2
What is the remainder when 1447364 is divided by 289470?
14
What is the remainder when 1397154 is divided by 115?
19
What is the remainder when 92847 is divided by 2646?
237
Calculate the remainder when 3823723 is divided by 955929.
7
What is the remainder when 67236 is divided by 11179?
162
Calculate the remainder when 7143359 is divided by 960.
959
Calculate the remainder when 18158 is divided by 4537.
10
What is the remainder when 9179624 is divided by 706123?
25
What is the remainder when 197578 is divided by 40?
18
Calculate the remainder when 104855 is divided by 549.
545
Calculate the remainder when 147544385 is divided by 34.
25
What is the remainder when 3300154798 is divided by 1200?
1198
What is the remainder when 3844067 is divided by 19713?
32
Calculate the remainder when 1177051 is divided by 136.
107
What is the remainder when 797049 is divided by 3466?
3335
Calculate the remainder when 1598781 is divided by 1142.
1123
What is the remainder when 834819 is divided by 11?
7
What is the remainder when 366921 is divided by 91?
9
What is the remainder when 93043 is divided by 1322?
503
Calculate the remainder when 1654371 is divided by 1654341.
30
What is the remainder when 14845333 is divided by 1855665?
13
Calculate the remainder when 119563 is divided by 119509.
54
Calculate the remainder when 946988 is divided by 21522.
20
Calculate the remainder when 12214 is divided by 9343.
2871
What is the remainder when 320309 is divided by 64046?
79
Calculate the remainder when 247275 is divided by 1661.
1447
What is the remainder when 80192869 is divided by 121?
119
What is the remainder when 2750398 is divided by 647?
1
What is the remainder when 26605066 is divided by 93?
91
What is the remainder when 24508490 is divided by 3284?
3282
What is the remainder when 436122 is divided by 62298?
36
Calculate the remainder when 4634835 is divided by 178260.
75
What is the remainder when 548808 is divided by 137158?
176
Calculate the remainder when 740858956 is divided by 9.
7
What is the remainder when 23848 is divided by 5738?
896
Calculate the remainder when 5189240 is divided by 41184.
56
Calculate the remainder when 1085096 is divided by 135637.
0
What is the remainder when 490425 is divided by 209?
111
Calculate the remainder when 17677 is divided by 16864.
813
Calculate the remainder when 18907372 is divided by 1890727.
102
Calculate the remainder when 2054472 is divided by 5149.
21
What is the remainder when 6951826 is divided by 28?
14
What is the remainder when 3194454 is divided by 625?
79
What is the remainder when 1834248 is divided by 44724?
564
What is the remainder when 430025 is divided by 1208?
1185
What is the remainder when 1291654 is divided by 1633?
1584
What is the remainder when 9004500 is divided by 442?
76
Calculate the remainder when 12110097 is divided by 300.
297
Calculate the remainder when 8658003 is divided by 7062.
7053
What is the remainder when 2273226 is divided by 195?
111
Calculate the remainder when 99746 is divided by 11071.
107
Calculate the remainder when 12293297 is divided by 2013.
1919
What is the remainder when 292369 is divided by 644?
637
What is the remainder when 193288118 is divided by 16?
6
Calculate the remainder when 42854 is divided by 2085.
1154
Calculate the remainder when 2403062 is divided by 68.
10
Calculate the remainder when 583618 is divided by 595.
518
Calculate the remainder when 73639 is divided by 6654.
445
Calculate the remainder when 2126725 is divided by 3238.
2597
Calculate the remainder when 1922749 is divided by 175.
24
What is the remainder when 88794 is divided by 648?
18
What is the remainder when 18455159 is divided by 24?
23
What is the remainder when 2279465 is divided by 274?
59
Calculate the remainder when 28974528 is divided by 281.
56
Calculate the remainder when 10910070 is divided by 1467.
1458
What is the remainder when 3308357 is divided by 1058?
1049
Calculate the remainder when 2342391 is divided by 488.
479
What is the remainder when 15371252 is divided by 1128?
1124
Calculate the remainder when 35187 is divided by 8796.
3
Calculate the remainder when 390352592 is divided by 607.
604
What is the remainder when 53071 is divided by 326?
259
What is the remainder when 5922347 is divided by 85831?
8
Calculate the remainder when 79492 is divided by 757.
7
What is the remainder when 2014287 is divided by 484?
363
Calculate the remainder when 368120 is divided by 302.
284
Calculate the remainder when 34754527 is divided by 13656.
7
What is the remainder when 2258937 is divided by 2992?
2969
Calculate the remainder when 77608 is divided by 244.
16
What is the remainder when 115471 is divided by 1199?
367
What is the remainder when 66443 is divided by 65024?
1419
What is the remainder when 730477 is divided by 182392?
909
What is the remainder when 9145874 is divided by 78?
62
What is the remainder when 67243820 is divided by 17475?
20
What is the remainder when 7889084 is divided by 3944541?
2
Calculate the remainder when 8201517 is divided by 4100649.
219
What is the remainder when 4418685 is divided by 2194?
2163
What is the remainder when 3934766 is divided by 14?
10
Calculate the remainder when 74990917 is divided by 159.
157
What is the remainder when 32665948 is divided by 210?
28
What is the remainder when 453110 is divided by 14616?
14
What is the remainder when 181478 is divided by 3570?
2978
Calculate the remainder when 3994216 is divided by 116.
104
Calculate the remainder when 330379 is divided by 82550.
179
